{"id":219,"date":"2016-06-21T11:21:53","date_gmt":"2016-06-21T10:21:53","guid":{"rendered":"https:\/\/www.avons.fr\/magasin\/?page_id=219"},"modified":"2023-06-13T11:40:07","modified_gmt":"2023-06-13T10:40:07","slug":"societe","status":"publish","type":"page","link":"https:\/\/www.avons.fr\/magasin\/societe\/","title":{"rendered":"Soci\u00e9t\u00e9"},"content":{"rendered":"","protected":false},"excerpt":{"rendered":"","protected":false},"author":1,"featured_media":0,"parent":0,"menu_order":0,"comment_status":"closed","ping_status":"closed","template":"","meta":{"_acf_changed":false,"_EventAllDay":false,"_EventTimezone":"","_EventStartDate":"","_EventEndDate":"","_EventStartDateUTC":"","_EventEndDateUTC":"","_EventShowMap":false,"_EventShowMapLink":false,"_EventURL":"","_EventCost":"","_EventCostDescription":"","_EventCurrencySymbol":"","_EventCurrencyCode":"","_EventCurrencyPosition":"","_EventDateTimeSeparator":"","_EventTimeRangeSeparator":"","_EventOrganizerID":[],"_EventVenueID":[],"_OrganizerEmail":"","_OrganizerPhone":"","_OrganizerWebsite":"","_VenueAddress":"","_VenueCity":"","_VenueCountry":"","_VenueProvince":"","_VenueState":"","_VenueZip":"","_VenuePhone":"","_VenueURL":"","_VenueStateProvince":"","_VenueLat":"","_VenueLng":"","_VenueShowMap":false,"_VenueShowMapLink":false,"footnotes":""},"class_list":["post-219","page","type-page","status-publish"],"acf":[],"yoast_head":"<!-- This site is optimized with the Yoast SEO plugin v24.7 - https:\/\/yoast.com\/wordpress\/plugins\/seo\/ -->\n<title>Histoire et \u00e0 propos de Avons<\/title>\n<meta name=\"description\" content=\"Notre histoire a commenc\u00e9 il y a longtemps. Fort longtemps ! C\u2019\u00e9tait il y a plus d\u2019un si\u00e8cle, en 1909. Si depuis, notre soci\u00e9t\u00e9 n\u2019a cess\u00e9 d\u2019\u00e9voluer...\" \/>\n<meta name=\"robots\" content=\"index, follow, max-snippet:-1, max-image-preview:large, max-video-preview:-1\" \/>\n<link rel=\"canonical\" href=\"https:\/\/www.avons.fr\/magasin\/societe\/\" \/>\n<meta property=\"og:locale\" content=\"fr_FR\" \/>\n<meta property=\"og:type\" content=\"article\" \/>\n<meta property=\"og:title\" content=\"Histoire et \u00e0 propos de Avons\" \/>\n<meta property=\"og:description\" content=\"Notre histoire a commenc\u00e9 il y a longtemps. Fort longtemps ! C\u2019\u00e9tait il y a plus d\u2019un si\u00e8cle, en 1909. Si depuis, notre soci\u00e9t\u00e9 n\u2019a cess\u00e9 d\u2019\u00e9voluer...\" \/>\n<meta property=\"og:url\" content=\"https:\/\/www.avons.fr\/magasin\/societe\/\" \/>\n<meta property=\"og:site_name\" content=\"Avons\" \/>\n<meta property=\"article:modified_time\" content=\"2023-06-13T10:40:07+00:00\" \/>\n<meta name=\"twitter:card\" content=\"summary_large_image\" \/>\n<script type=\"application\/ld+json\" class=\"yoast-schema-graph\">{\"@context\":\"https:\/\/schema.org\",\"@graph\":[{\"@type\":\"WebPage\",\"@id\":\"https:\/\/www.avons.fr\/magasin\/societe\/\",\"url\":\"https:\/\/www.avons.fr\/magasin\/societe\/\",\"name\":\"Histoire et \u00e0 propos de Avons\",\"isPartOf\":{\"@id\":\"https:\/\/www.avons.fr\/magasin\/#website\"},\"datePublished\":\"2016-06-21T10:21:53+00:00\",\"dateModified\":\"2023-06-13T10:40:07+00:00\",\"description\":\"Notre histoire a commenc\u00e9 il y a longtemps. Fort longtemps ! C\u2019\u00e9tait il y a plus d\u2019un si\u00e8cle, en 1909. Si depuis, notre soci\u00e9t\u00e9 n\u2019a cess\u00e9 d\u2019\u00e9voluer...\",\"breadcrumb\":{\"@id\":\"https:\/\/www.avons.fr\/magasin\/societe\/#breadcrumb\"},\"inLanguage\":\"fr-FR\",\"potentialAction\":[{\"@type\":\"ReadAction\",\"target\":[\"https:\/\/www.avons.fr\/magasin\/societe\/\"]}]},{\"@type\":\"BreadcrumbList\",\"@id\":\"https:\/\/www.avons.fr\/magasin\/societe\/#breadcrumb\",\"itemListElement\":[{\"@type\":\"ListItem\",\"position\":1,\"name\":\"Accueil\",\"item\":\"https:\/\/www.avons.fr\/magasin\/\"},{\"@type\":\"ListItem\",\"position\":2,\"name\":\"Soci\u00e9t\u00e9\"}]},{\"@type\":\"WebSite\",\"@id\":\"https:\/\/www.avons.fr\/magasin\/#website\",\"url\":\"https:\/\/www.avons.fr\/magasin\/\",\"name\":\"Avons\",\"description\":\"\",\"potentialAction\":[{\"@type\":\"SearchAction\",\"target\":{\"@type\":\"EntryPoint\",\"urlTemplate\":\"https:\/\/www.avons.fr\/magasin\/?s={search_term_string}\"},\"query-input\":{\"@type\":\"PropertyValueSpecification\",\"valueRequired\":true,\"valueName\":\"search_term_string\"}}],\"inLanguage\":\"fr-FR\"}]}<\/script>\n<!-- \/ Yoast SEO plugin. -->","yoast_head_json":{"title":"Histoire et \u00e0 propos de Avons","description":"Notre histoire a commenc\u00e9 il y a longtemps. Fort longtemps ! C\u2019\u00e9tait il y a plus d\u2019un si\u00e8cle, en 1909. Si depuis, notre soci\u00e9t\u00e9 n\u2019a cess\u00e9 d\u2019\u00e9voluer...","robots":{"index":"index","follow":"follow","max-snippet":"max-snippet:-1","max-image-preview":"max-image-preview:large","max-video-preview":"max-video-preview:-1"},"canonical":"https:\/\/www.avons.fr\/magasin\/societe\/","og_locale":"fr_FR","og_type":"article","og_title":"Histoire et \u00e0 propos de Avons","og_description":"Notre histoire a commenc\u00e9 il y a longtemps. Fort longtemps ! C\u2019\u00e9tait il y a plus d\u2019un si\u00e8cle, en 1909. Si depuis, notre soci\u00e9t\u00e9 n\u2019a cess\u00e9 d\u2019\u00e9voluer...","og_url":"https:\/\/www.avons.fr\/magasin\/societe\/","og_site_name":"Avons","article_modified_time":"2023-06-13T10:40:07+00:00","twitter_card":"summary_large_image","schema":{"@context":"https:\/\/schema.org","@graph":[{"@type":"WebPage","@id":"https:\/\/www.avons.fr\/magasin\/societe\/","url":"https:\/\/www.avons.fr\/magasin\/societe\/","name":"Histoire et \u00e0 propos de Avons","isPartOf":{"@id":"https:\/\/www.avons.fr\/magasin\/#website"},"datePublished":"2016-06-21T10:21:53+00:00","dateModified":"2023-06-13T10:40:07+00:00","description":"Notre histoire a commenc\u00e9 il y a longtemps. Fort longtemps ! C\u2019\u00e9tait il y a plus d\u2019un si\u00e8cle, en 1909. Si depuis, notre soci\u00e9t\u00e9 n\u2019a cess\u00e9 d\u2019\u00e9voluer...","breadcrumb":{"@id":"https:\/\/www.avons.fr\/magasin\/societe\/#breadcrumb"},"inLanguage":"fr-FR","potentialAction":[{"@type":"ReadAction","target":["https:\/\/www.avons.fr\/magasin\/societe\/"]}]},{"@type":"BreadcrumbList","@id":"https:\/\/www.avons.fr\/magasin\/societe\/#breadcrumb","itemListElement":[{"@type":"ListItem","position":1,"name":"Accueil","item":"https:\/\/www.avons.fr\/magasin\/"},{"@type":"ListItem","position":2,"name":"Soci\u00e9t\u00e9"}]},{"@type":"WebSite","@id":"https:\/\/www.avons.fr\/magasin\/#website","url":"https:\/\/www.avons.fr\/magasin\/","name":"Avons","description":"","potentialAction":[{"@type":"SearchAction","target":{"@type":"EntryPoint","urlTemplate":"https:\/\/www.avons.fr\/magasin\/?s={search_term_string}"},"query-input":{"@type":"PropertyValueSpecification","valueRequired":true,"valueName":"search_term_string"}}],"inLanguage":"fr-FR"}]}},"_links":{"self":[{"href":"https:\/\/www.avons.fr\/magasin\/wp-json\/wp\/v2\/pages\/219","targetHints":{"allow":["GET"]}}],"collection":[{"href":"https:\/\/www.avons.fr\/magasin\/wp-json\/wp\/v2\/pages"}],"about":[{"href":"https:\/\/www.avons.fr\/magasin\/wp-json\/wp\/v2\/types\/page"}],"author":[{"embeddable":true,"href":"https:\/\/www.avons.fr\/magasin\/wp-json\/wp\/v2\/users\/1"}],"replies":[{"embeddable":true,"href":"https:\/\/www.avons.fr\/magasin\/wp-json\/wp\/v2\/comments?post=219"}],"version-history":[{"count":0,"href":"https:\/\/www.avons.fr\/magasin\/wp-json\/wp\/v2\/pages\/219\/revisions"}],"wp:attachment":[{"href":"https:\/\/www.avons.fr\/magasin\/wp-json\/wp\/v2\/media?parent=219"}],"curies":[{"name":"wp","href":"https:\/\/api.w.org\/{rel}","templated":true}]}}